{"id":35,"date":"2016-04-23T20:30:43","date_gmt":"2016-04-23T18:30:43","guid":{"rendered":"http:\/\/sankt-angela-alumni.de\/?page_id=35"},"modified":"2016-10-28T00:01:48","modified_gmt":"2016-10-27T22:01:48","slug":"3-ehemaligentag-2016","status":"publish","type":"page","link":"http:\/\/sankt-angela-alumni.de\/?page_id=35","title":{"rendered":"Ehemaligentag 2016"},"content":{"rendered":"<p><img decoding=\"async\" loading=\"lazy\" class=\"alignnone wp-image-51 aligncenter\" src=\"http:\/\/sankt-angela-alumni.de\/wp-content\/uploads\/2016\/09\/20160905_Logo_Programm.jpg\" alt=\"20160905_Logo_Programm\" width=\"442\" height=\"251\" srcset=\"http:\/\/sankt-angela-alumni.de\/wp-content\/uploads\/2016\/09\/20160905_Logo_Programm.jpg 586w, http:\/\/sankt-angela-alumni.de\/wp-content\/uploads\/2016\/09\/20160905_Logo_Programm-300x170.jpg 300w, http:\/\/sankt-angela-alumni.de\/wp-content\/uploads\/2016\/09\/20160905_Logo_Programm-250x142.jpg 250w, http:\/\/sankt-angela-alumni.de\/wp-content\/uploads\/2016\/09\/20160905_Logo_Programm-150x85.jpg 150w\" sizes=\"(max-width: 442px) 100vw, 442px\" \/><\/p>\n<table width=\"742\">\n<tbody>\n<tr>\n<td width=\"120\"><strong>Programm<\/strong><\/td>\n<td width=\"534\"><\/td>\n<td width=\"88\"><\/td>\n<\/tr>\n<tr>\n<td>14.00 \u2013 15.00 Uhr<\/td>\n<td>\u00d6kumenischer Gottesdienst, Anschlie\u00dfend Orgelspiel<\/td>\n<td>Schulkirche<\/td>\n<\/tr>\n<tr>\n<td>14.00 \u2013 20.00 Uhr<\/td>\n<td><strong>Infostand<\/strong> (Programmablauf, Alumni St. Angela, Verein der Freunde und F\u00f6rderer)<\/td>\n<td>Haupteingang, Foyer<\/td>\n<\/tr>\n<tr>\n<td>14.00 \u2013 20.00 Uhr<\/td>\n<td>Dokumentation der Geschichte der Schule und des Klosters<\/td>\n<td>Aulavorraum, Foyer<\/td>\n<\/tr>\n<tr>\n<td>14.00 \u2013 20.00 Uhr<\/td>\n<td>Filmvorf\u00fchrung \u201eDen ganzen Menschen im Blick\u201c<\/td>\n<td>Aulavorraum, Foyer<\/td>\n<\/tr>\n<tr>\n<td>15.00 \u2013 20.00 Uhr<\/td>\n<td>Halbst\u00fcndlich bzw. je nach Bedarf F\u00fchrungen durch die Schule bzw. das Schulgel\u00e4nde<\/td>\n<td>Start: Sch\u00fclereingang<\/td>\n<\/tr>\n<tr>\n<td>15.00 \u2013 20.00 Uhr<\/td>\n<td>Sozialpraktikum\/Sozialprojekt \u201eArco Iris\u201c<\/td>\n<td>A 108\/A107<\/td>\n<\/tr>\n<tr>\n<td>15.00 \u2013 20.00 Uhr<\/td>\n<td>Russlandaustausch<\/td>\n<td>A A106<\/td>\n<\/tr>\n<tr>\n<td>15.00 \u2013 20.00 Uhr<\/td>\n<td>\u201eJugend forscht\u201c<\/td>\n<td>A 104<\/td>\n<\/tr>\n<tr>\n<td>17.00 Uhr<\/td>\n<td>Vortrag des Schulleiters H. Kr\u00e4mer \u201eSt. Angela &#8211; heute\u201c<\/td>\n<td>Lehrerzimmer<\/td>\n<\/tr>\n<tr>\n<td><\/td>\n<td><\/td>\n<td><\/td>\n<\/tr>\n<tr>\n<td><strong>B\u00fchnenprogramm<\/strong><\/td>\n<td><\/td>\n<td><\/td>\n<\/tr>\n<tr>\n<td>15.00 Uhr<\/td>\n<td>Begr\u00fc\u00dfung durch den Schulleiter, anschlie\u00dfend Bl\u00e4sergruppe der Schule<\/td>\n<td>Oberer Schulhof<\/td>\n<\/tr>\n<tr>\n<td>16.00 Uhr<\/td>\n<td>Ehemaliger 12er Chor<\/td>\n<td><\/td>\n<\/tr>\n<tr>\n<td>17:00 Uhr<\/td>\n<td>Ballkorobics<\/td>\n<td><\/td>\n<\/tr>\n<tr>\n<td>anschl. bis<\/td>\n<td><\/td>\n<td><\/td>\n<\/tr>\n<tr>\n<td>21.00 Uhr<\/td>\n<td>\u201eMusik aus der Schulzeit\u201c- Oldies but Goldies<\/td>\n<td><\/td>\n<\/tr>\n<tr>\n<td><\/td>\n<td><\/td>\n<td><\/td>\n<\/tr>\n<tr>\n<td><\/td>\n<td>Durch das Programm f\u00fchrt H. Kemper<\/td>\n<td><\/td>\n<\/tr>\n<tr>\n<td><\/td>\n<td><\/td>\n<td><\/td>\n<\/tr>\n<tr>\n<td><strong>Speis und Trank<\/strong><\/td>\n<td><\/td>\n<td><\/td>\n<\/tr>\n<tr>\n<td>15.00 \u2013 19.30 Uhr<\/td>\n<td>Kaffee und Kuchen<\/td>\n<td>Oberer Schulhof<\/td>\n<\/tr>\n<tr>\n<td>15.00 \u2013 20.30 Uhr<\/td>\n<td>W\u00fcrstchen vom Grill, Frikadellen<\/td>\n<td>Oberer Schulhof<\/td>\n<\/tr>\n<tr>\n<td>15.00 \u2013 19.00 Uhr<\/td>\n<td>Laugenstangen, Br\u00f6tchen<\/td>\n<td>Cafeteria<\/td>\n<\/tr>\n<tr>\n<td>15.00 \u2013 19.00 Uhr<\/td>\n<td>Pizza<\/td>\n<td>Mensa<\/td>\n<\/tr>\n<tr>\n<td>15.00 \u2013 20.30 Uhr<\/td>\n<td>Alkoholfreie Getr\u00e4nke, K\u00f6lsch, Wein, Sekt<\/td>\n<td>Oberer Schulhof<\/td>\n<\/tr>\n<tr>\n<td>15.00 \u2013 19.00 Uhr<\/td>\n<td>Cr\u00eapes, Waffeln (Fachschaft Franz\u00f6sisch)<\/td>\n<td>A 105<\/td>\n<\/tr>\n<tr>\n<td>15.00 \u2013 19.00 Uhr<\/td>\n<td>Spanische Spezialit\u00e4ten (Fachschaft Spanisch)<\/td>\n<td>A 107<\/td>\n<\/tr>\n<tr>\n<td><\/td>\n<td><\/td>\n<td><\/td>\n<\/tr>\n<tr>\n<td><\/td>\n<td>Die Zeiten verstehen sich als ca.-Angaben.<\/td>\n<td><\/td>\n<\/tr>\n<\/tbody>\n<\/table>\n","protected":false},"excerpt":{"rendered":"<p>Programm 14.00 \u2013 15.00 Uhr \u00d6kumenischer Gottesdienst, Anschlie\u00dfend Orgelspiel Schulkirche 14.00 \u2013 20.00 Uhr Infostand (Programmablauf, Alumni St. Angela, Verein der Freunde und F\u00f6rderer) Haupteingang, Foyer 14.00 \u2013 20.00 Uhr Dokumentation der Geschichte der Schule und des Klosters Aulavorraum, Foyer 14.00 \u2013 20.00 Uhr Filmvorf\u00fchrung \u201eDen ganzen Menschen im Blick\u201c\u2026<\/p>\n<p> <a class=\"continue-reading-link\" href=\"http:\/\/sankt-angela-alumni.de\/?page_id=35\"><span>Continue reading<\/span><i class=\"crycon-right-dir\"><\/i><\/a> <\/p>\n","protected":false},"author":2,"featured_media":0,"parent":0,"menu_order":9,"comment_status":"closed","ping_status":"closed","template":"","meta":{"footnotes":""},"_links":{"self":[{"href":"http:\/\/sankt-angela-alumni.de\/index.php?rest_route=\/wp\/v2\/pages\/35"}],"collection":[{"href":"http:\/\/sankt-angela-alumni.de\/index.php?rest_route=\/wp\/v2\/pages"}],"about":[{"href":"http:\/\/sankt-angela-alumni.de\/index.php?rest_route=\/wp\/v2\/types\/page"}],"author":[{"embeddable":true,"href":"http:\/\/sankt-angela-alumni.de\/index.php?rest_route=\/wp\/v2\/users\/2"}],"replies":[{"embeddable":true,"href":"http:\/\/sankt-angela-alumni.de\/index.php?rest_route=%2Fwp%2Fv2%2Fcomments&post=35"}],"version-history":[{"count":7,"href":"http:\/\/sankt-angela-alumni.de\/index.php?rest_route=\/wp\/v2\/pages\/35\/revisions"}],"predecessor-version":[{"id":67,"href":"http:\/\/sankt-angela-alumni.de\/index.php?rest_route=\/wp\/v2\/pages\/35\/revisions\/67"}],"wp:attachment":[{"href":"http:\/\/sankt-angela-alumni.de\/index.php?rest_route=%2Fwp%2Fv2%2Fmedia&parent=35"}],"curies":[{"name":"wp","href":"https:\/\/api.w.org\/{rel}","templated":true}]}}