{"id":7,"date":"2016-02-10T11:55:23","date_gmt":"2016-02-10T10:55:23","guid":{"rendered":"http:\/\/sankt-angela-alumni.de\/?page_id=7"},"modified":"2016-04-23T20:31:49","modified_gmt":"2016-04-23T18:31:49","slug":"impressum","status":"publish","type":"page","link":"https:\/\/sankt-angela-alumni.de\/?page_id=7","title":{"rendered":"Impressum"},"content":{"rendered":"<p style=\"text-align: justify;\"><strong>Angaben gem\u00e4\u00df \u00a7 5 TMG:<\/strong><br \/>\nInteressenvertretung der Ehemaligen des Sankt-Angela-Gymnasiums Wipperf\u00fcrth<br \/>\nVolker Sprenger (vertretungsberechtigt)<br \/>\nIm Scheurengarten 11<br \/>\n51789 Lindlar<\/p>\n<p style=\"text-align: justify;\"><strong>Kontaktm\u00f6glichkeit:<\/strong><br \/>\nTelefon: 0170 \/ 5 83 88 63<br \/>\nE-Mail: volkersprenger(at)yahoo.de<\/p>\n<p style=\"text-align: justify;\"><strong>Verantwortlich f\u00fcr den Inhalt nach \u00a7 55 Abs. 2 RStV:<\/strong><br \/>\nInteressenvertretung der Ehemaligen des Sankt-Angela-Gymnasiums Wipperf\u00fcrth<br \/>\nVolker Sprenger (vertretungsberechtigt)<br \/>\nIm Scheurengarten 11<br \/>\n51789 Lindlar<\/p>\n<p style=\"text-align: justify;\"><strong>Gew\u00e4hrleistung:<\/strong><br \/>\nDie Informationen auf diesen Internet-Seiten sind ohne jegliche Zusicherung oder Gew\u00e4hrleistung jedweder Art, sei sie ausdr\u00fccklich oder stillschweigend, zur Verf\u00fcgung gestellt. Ausgeschlossen sind auch alle stillschweigenden Gew\u00e4hrleistungen betreffend die Handelsf\u00e4higkeit, die Eignung f\u00fcr bestimmte Zwecke oder den Nichtversto\u00df gegen Gesetze und Patente. Auch wenn wir davon ausgehen, dass die von uns gegebenen Informationen zutreffend sind, k\u00f6nnen sie dennoch Fehler oder Ungenauigkeiten enthalten.<\/p>\n<p style=\"text-align: justify;\"><strong>Haftungsausschluss:<br \/>\n<\/strong><br \/>\n<span style=\"text-decoration: underline;\"><em>Haftung f\u00fcr Inhalte:<\/em><\/span><br \/>\nDie Inhalte unserer Seiten wurden mit gr\u00f6\u00dfter Sorgfalt erstellt. F\u00fcr die Richtigkeit, Vollst\u00e4ndigkeit und Aktualit\u00e4t der Inhalte k\u00f6nnen wir jedoch keine Gew\u00e4hr \u00fcbernehmen. Als Diensteanbieter sind wir gem\u00e4\u00df \u00a7 7 Abs.1 TMG f\u00fcr eigene Inhalte auf diesen Seiten nach den allgemeinen Gesetzen verantwortlich. Nach \u00a7\u00a7 8 bis 10 TMG sind wir als Diensteanbieter jedoch nicht verpflichtet, \u00fcbermittelte oder gespeicherte fremde Informationen zu \u00fcberwachen oder nach Umst\u00e4nden zu forschen, die auf eine rechtswidrige T\u00e4tigkeit hinweisen. Verpflichtungen zur Entfernung oder Sperrung der Nutzung von Informationen nach den allgemeinen Gesetzen bleiben hiervon unber\u00fchrt. Eine diesbez\u00fcgliche Haftung ist jedoch erst ab dem Zeitpunkt der Kenntnis einer konkreten Rechtsverletzung m\u00f6glich. Bei Bekanntwerden von entsprechenden Rechtsverletzungen werden wir diese Inhalte umgehend entfernen.<\/p>\n<p style=\"text-align: justify;\"><span style=\"text-decoration: underline;\"><em>Haftung f\u00fcr Links:<\/em><\/span><br \/>\nUnser Angebot enth\u00e4lt Links zu externen Webseiten Dritter, auf deren Inhalte wir keinen Einfluss haben. Deshalb k\u00f6nnen wir f\u00fcr diese fremden Inhalte auch keine Gew\u00e4hr \u00fcbernehmen. F\u00fcr die Inhalte der verlinkten Seiten ist stets der jeweilige Anbieter oder Betreiber der Seiten verantwortlich. Die verlinkten Seiten wurden zum Zeitpunkt der Verlinkung auf m\u00f6gliche Rechtsverst\u00f6\u00dfe \u00fcberpr\u00fcft. Rechtswidrige Inhalte waren zum Zeitpunkt der Verlinkung nicht erkennbar. Eine permanente inhaltliche Kontrolle der verlinkten Seiten ist jedoch ohne konkrete Anhaltspunkte einer Rechtsverletzung nicht zumutbar. Bei Bekanntwerden von Rechtsverletzungen werden wir derartige Links umgehend entfernen.<\/p>\n<p style=\"text-align: justify;\"><strong>Urheberrecht:<\/strong><br \/>\nDie durch die Seitenbetreiber erstellten Inhalte und Werke auf diesen Seiten unterliegen dem deutschen Urheberrecht. Die Vervielf\u00e4ltigung, Bearbeitung, Verbreitung und jede Art der Verwertung au\u00dferhalb der Grenzen des Urheberrechtes bed\u00fcrfen der schriftlichen Zustimmung des jeweiligen Autors bzw. Erstellers. Downloads und Kopien dieser Seite sind nicht\u00a0gestattet. Soweit die Inhalte auf dieser Seite nicht vom Betreiber erstellt wurden, werden die Urheberrechte Dritter beachtet. Insbesondere werden Inhalte Dritter als solche gekennzeichnet. Sollten Sie trotzdem auf eine Urheberrechtsverletzung aufmerksam werden, bitten wir um einen entsprechenden Hinweis. Bei Bekanntwerden\u00a0von Rechtsverletzungen werden wir derartige Inhalte umgehend entfernen.<\/p>\n<p style=\"text-align: justify;\"><strong>Datenschutz:<\/strong><br \/>\nSelbstverst\u00e4ndlich geben wir Ihre Daten keinesfalls an Dritte weiter und verwenden sie auch nicht f\u00fcr andere Zwecke. Wir weisen darauf hin, dass die Daten\u00fcbertragung im Internet (z.B. bei der Kommunikation per E-Mail) Sicherheitsl\u00fccken aufweisen kann. Ein l\u00fcckenloser Schutz der Daten vor dem Zugriff durch Dritte ist nicht m\u00f6glich. Die Nutzung unserer Webseite ist in der Regel ohne Angabe personenbezogener Daten m\u00f6glich. Soweit auf unseren Seiten personenbezogene Daten (beispielsweise Name, Anschrift oder eMail-Adressen) erhoben werden, erfolgt dies, soweit m\u00f6glich, stets auf freiwilliger Basis. Diese Daten werden ohne Ihre ausdr\u00fcckliche Zustimmung nicht an Dritte weitergegeben. Der Nutzung von im Rahmen der Impressumspflicht er\u00f6ffentlichten Kontaktdaten durch Dritte zur \u00dcbersendung von nicht ausdr\u00fccklich angeforderter Werbung und nformationsmaterialien wird hiermit ausdr\u00fccklich widersprochen. Die Betreiber der Seiten behalten sich ausdr\u00fccklich rechtliche Schritte im Falle der unverlangten Zusendung von Werbeinformationen, etwa durch Spam-Mails, vor.<\/p>\n","protected":false},"excerpt":{"rendered":"<p>Angaben gem\u00e4\u00df \u00a7 5 TMG: Interessenvertretung der Ehemaligen des Sankt-Angela-Gymnasiums Wipperf\u00fcrth Volker Sprenger (vertretungsberechtigt) Im Scheurengarten 11 51789 Lindlar Kontaktm\u00f6glichkeit: Telefon: 0170 \/ 5 83 88 63 E-Mail: volkersprenger(at)yahoo.de Verantwortlich f\u00fcr den Inhalt nach \u00a7 55 Abs. 2 RStV: Interessenvertretung der Ehemaligen des Sankt-Angela-Gymnasiums Wipperf\u00fcrth Volker Sprenger (vertretungsberechtigt) Im Scheurengarten\u2026<\/p>\n<p> <a class=\"continue-reading-link\" href=\"https:\/\/sankt-angela-alumni.de\/?page_id=7\"><span>Continue reading<\/span><i class=\"crycon-right-dir\"><\/i><\/a> <\/p>\n","protected":false},"author":2,"featured_media":0,"parent":0,"menu_order":10,"comment_status":"closed","ping_status":"closed","template":"","meta":{"footnotes":""},"_links":{"self":[{"href":"https:\/\/sankt-angela-alumni.de\/index.php?rest_route=\/wp\/v2\/pages\/7"}],"collection":[{"href":"https:\/\/sankt-angela-alumni.de\/index.php?rest_route=\/wp\/v2\/pages"}],"about":[{"href":"https:\/\/sankt-angela-alumni.de\/index.php?rest_route=\/wp\/v2\/types\/page"}],"author":[{"embeddable":true,"href":"https:\/\/sankt-angela-alumni.de\/index.php?rest_route=\/wp\/v2\/users\/2"}],"replies":[{"embeddable":true,"href":"https:\/\/sankt-angela-alumni.de\/index.php?rest_route=%2Fwp%2Fv2%2Fcomments&post=7"}],"version-history":[{"count":3,"href":"https:\/\/sankt-angela-alumni.de\/index.php?rest_route=\/wp\/v2\/pages\/7\/revisions"}],"predecessor-version":[{"id":31,"href":"https:\/\/sankt-angela-alumni.de\/index.php?rest_route=\/wp\/v2\/pages\/7\/revisions\/31"}],"wp:attachment":[{"href":"https:\/\/sankt-angela-alumni.de\/index.php?rest_route=%2Fwp%2Fv2%2Fmedia&parent=7"}],"curies":[{"name":"wp","href":"https:\/\/api.w.org\/{rel}","templated":true}]}}